s the greatest common factor of 43 and 84414461?
43
Calculate the highest common divisor of 1090978 and 6479970.
7322
What is the greatest common divisor of 298221 and 1185138?
3873
What is the highest common factor of 49998 and 1562704156?
16666
What is the greatest common divisor of 1690 and 7001410?
130
What is the highest common factor of 402 and 1091917894?
134
What is the highest common factor of 168503478 and 264?
66
Calculate the greatest common divisor of 2915142745 and 85.
85
Calculate the highest common divisor of 8193835 and 9620.
2405
Calculate the greatest common factor of 53108 and 489940.
748
What is the highest common divisor of 332761 and 2774321?
1969
Calculate the highest common divisor of 4450 and 515710.
10
Calculate the greatest common divisor of 9593 and 32701.
53
Calculate the highest common divisor of 4621335 and 7155.
795
Calculate the highest common factor of 73 and 79810681.
73
What is the greatest common divisor of 129576 and 1176?
24
Calculate the highest common factor of 222 and 33382066.
74
What is the highest common factor of 109440 and 163210?
190
What is the highest common divisor of 46488920 and 15?
5
What is the highest common factor of 664142 and 13421402?
4778
Calculate the highest common factor of 46980 and 89698914.
4698
Calculate the highest common divisor of 11160 and 115272756.
1116
What is the highest common factor of 25037156 and 184?
92
What is the highest common divisor of 347430 and 183150?
1110
Calculate the greatest common divisor of 225762 and 121746.
1182
What is the greatest common factor of 204444 and 37584?
324
What is the highest common divisor of 904908 and 293460?
876
What is the greatest common divisor of 8717532 and 4?
4
Calculate the highest common factor of 16985463 and 165.
33
Calculate the highest common divisor of 9495330 and 4518.
1506
What is the highest common factor of 1991507 and 19691?
679
What is the highest common factor of 15533383 and 2270?
227
What is the greatest common divisor of 568246 and 160162?
2194
Calculate the greatest common divisor of 189595838 and 6.
2
What is the greatest common divisor of 4137 and 424599?
21
What is the highest common factor of 5217 and 929977203?
5217
What is the highest common factor of 251098 and 78820?
1126
What is the greatest common divisor of 3202576 and 3806?
346
What is the highest common divisor of 2472147 and 3325347?
2133
What is the highest common divisor of 812985 and 1275?
15
Calculate the greatest common factor of 168653 and 65513.
191
Calculate the greatest common factor of 4325 and 11904822.
173
Calculate the highest common divisor of 171524727 and 1329.
1329
Calculate the highest common divisor of 2210205796 and 4348.
4348
What is the highest common factor of 98355102 and 333?
111
What is the greatest common divisor of 6106 and 10678104?
86
Calculate the greatest common divisor of 204239 and 81445.
1253
Calculate the highest common divisor of 28640155 and 4230.
235
What is the greatest common divisor of 170855839 and 308?
77
Calculate the highest common divisor of 336 and 15961764.
84
What is the highest common factor of 480 and 8268690?
30
Calculate the greatest common factor of 472035 and 11415.
15
What is the greatest common factor of 55062865 and 8470?
605
Calculate the highest common factor of 3684575 and 1625.
25
What is the greatest common divisor of 1961478 and 117?
9
What is the highest common divisor of 4 and 24639709?
1
Calculate the greatest common factor of 876 and 1732920720.
876
What is the highest common factor of 2571 and 19284214?
857
What is the highest common factor of 1142953 and 3752?
469
What is the greatest common divisor of 90 and 35851230?
90
What is the highest common factor of 40317901 and 185?
37
Calculate the greatest common factor of 591 and 595191963.
591
Calculate the greatest common factor of 245436477 and 201.
201
What is the highest common divisor of 448 and 3920714?
14
Calculate the greatest common factor of 97965 and 2205.
315
Calculate the highest common factor of 43937728 and 7360.
1472
What is the highest common divisor of 3147402 and 7802?
94
Calculate the highest common factor of 60 and 6565920.
60
Calculate the greatest common divisor of 1454 and 21679867.
727
Calculate the greatest common divisor of 7661072 and 2812.
148
What is the highest common factor of 62 and 91550?
2
Calculate the highest common divisor of 17142594 and 407295.
9051
Calculate the greatest common factor of 3287 and 1261343.
173
What is the highest common divisor of 1118939 and 48827?
157
Calculate the greatest common factor of 3 and 1842776.
1
Calculate the highest common divisor of 2327028 and 32.
4
Calculate the highest common factor of 3959688 and 264.
24
What is the highest common divisor of 3869055 and 1631570?
3385
What is the highest common factor of 15 and 1051572?
3
What is the highest common divisor of 46305 and 36315?
135
Calculate the greatest common divisor of 1444140 and 6806628.
2556
What is the greatest common divisor of 799238 and 645374?
4274
What is the greatest common divisor of 831094 and 2129806?
2042
What is the highest common divisor of 110 and 9837370?
10
Calculate the greatest common factor of 607096981 and 758.
379
What is the highest common factor of 291 and 15448511?
97
Calculate the greatest common divisor of 488134 and 57352.
214
Calculate the greatest common factor of 13253216 and 332896.
3296
Calculate the highest common factor of 512 and 7338960.
16
What is the highest common divisor of 662 and 56947557?
331
Calculate the highest common divisor of 86183526 and 390.
78
Calculate the highest common divisor of 43187544 and 450.
18
Calculate the greatest common divisor of 5376 and 1042146.
42
Calculate the highest common factor of 12360 and 6453980.
2060
What is the highest common divisor of 2745965 and 5?
5
What is the greatest common factor of 46568261 and 1633?
1633
What is the highest common divisor of 2072 and 37407944?
56
Calculate the highest common divisor of 138 and 153651822.
138
What is the highest common factor of 8656 and 33600428?
2164
Calculate the greatest common divisor of 49232 and 37286.
362
What is the greatest common factor of 40 and 355677350?
10
What is the highest common factor of 24565333 and 18037?
1061
What is the greatest common divisor of 1391221 and 259766?
1339
What is the highest common factor of 5735 and 42121281?
1147
What is the highest common factor of 280 and 2025680?
40
Calculate the greatest common factor of 8575165 and 55.
5
Calculate the greatest common divisor of 232 and 498494572.
116
What is the highest common divisor of 13222898 and 29?
29
What is the highest common divisor of 2428200 and 1337600?
3800
Calculate the highest common divisor of 1941876 and 7682.
334
Calculate the highest common divisor of 323404204 and 344.
172
Calculate the greatest common factor of 4147 and 961675.
143
Calculate the highest common divisor of 18556777 and 1559.
1559
What is the greatest common divisor of 6831 and 1226709?
99
What is the greatest common factor of 3753 and 1290163806?
1251
Calculate the greatest common divisor of 26130 and 2631030.
30
Calculate the greatest common factor of 481 and 8001694.
37
What is the highest common divisor of 575337850 and 645?
215
Calculate the highest common divisor of 400554 and 480029.
3179
Calculate the greatest common factor of 147 and 3927397971.
147
What is the highest common factor of 17011620 and 3645?
405
Calculate the highest common divisor of 26171760 and 240.
240
What is the highest common divisor of 261927963 and 649?
649
Calculate the highest common divisor of 838 and 220453917.
419
What is the greatest common divisor of 183274 and 10190999?
4823
What is the highest common divisor of 2057 and 460167356?
2057
Calculate the highest common factor of 40 and 37145580.
20
What is the greatest common divisor of 36840 and 1640608?
2456
What is the highest common divisor of 685 and 6733687?
137
Calculate the greatest common divisor of 36 and 6632631.
9
Calculate the highest common factor of 15571471 and 197.
197
What is the highest common divisor of 140184 and 202389?
33
Calculate the highest common factor of 31031 and 622531.
91
Calculate the greatest common divisor of 16854 and 578066919.
8427
What